{"id":20,"date":"2015-03-25T15:50:03","date_gmt":"2015-03-25T15:50:03","guid":{"rendered":"http:\/\/www.lameso.edu.mx\/sanluis\/?page_id=20"},"modified":"2015-10-01T21:31:40","modified_gmt":"2015-10-01T21:31:40","slug":"principios","status":"publish","type":"page","link":"https:\/\/lameso.edu.mx\/sanluis\/nosotros\/principios\/","title":{"rendered":"Principios"},"content":{"rendered":"<h5><em><img decoding=\"async\" loading=\"lazy\" class=\" alignleft wp-image-230 \" src=\"http:\/\/www.lameso.edu.mx\/sanluis\/wp-content\/uploads\/2015\/03\/principios-1024x683.jpg\" alt=\"principios\" width=\"48%\" height=\"48%\" srcset=\"https:\/\/lameso.edu.mx\/sanluis\/wp-content\/uploads\/2015\/03\/principios-1024x683.jpg 1024w, https:\/\/lameso.edu.mx\/sanluis\/wp-content\/uploads\/2015\/03\/principios-300x200.jpg 300w, https:\/\/lameso.edu.mx\/sanluis\/wp-content\/uploads\/2015\/03\/principios-150x100.jpg 150w, https:\/\/lameso.edu.mx\/sanluis\/wp-content\/uploads\/2015\/03\/principios.jpg 1152w\" sizes=\"(max-width: 1024px) 100vw, 1024px\" \/><\/em><span style=\"color: #000000;\">La <strong>Universidad Mesoamericana<\/strong> busca como principio el enaltecimiento del ser humano, con base en la b\u00fasqueda de sus m\u00e1s altos valores, con respeto y atenci\u00f3n a su entorno y sociedad, por lo que presta especial inter\u00e9s al desarrollo de una inicial autonom\u00eda en el joven universitario, basado en el desarrollo creciente de sus propias capacidades.<\/span><\/h5>\n<h5><span style=\"color: #000000;\">En la tarea de maduraci\u00f3n, durante los a\u00f1os universitarios, ocupa un lugar central la profundizaci\u00f3n en el conocimiento de s\u00ed mismo y de las diversas dimensiones del propio mundo, aunada a la adquisici\u00f3n de los conocimientos y habilidades requeridos para un desempe\u00f1o profesional al servicio de la sociedad.<\/span><\/h5>\n","protected":false},"excerpt":{"rendered":"<p>La Universidad Mesoamericana busca como principio el enaltecimiento del ser humano, con base en la b\u00fasqueda de sus m\u00e1s altos\u2026<\/p>\n<p class=\"continue-reading-button\"> <a class=\"continue-reading-link\" href=\"https:\/\/lameso.edu.mx\/sanluis\/nosotros\/principios\/\">Leer m\u00e1s&#8230;<i class=\"crycon-right-dir\"><\/i><\/a><\/p>\n","protected":false},"author":1,"featured_media":1148,"parent":253,"menu_order":3,"comment_status":"closed","ping_status":"closed","template":"templates\/template-page-with-intro.php","meta":{"_joinchat":[]},"_links":{"self":[{"href":"https:\/\/lameso.edu.mx\/sanluis\/wp-json\/wp\/v2\/pages\/20"}],"collection":[{"href":"https:\/\/lameso.edu.mx\/sanluis\/wp-json\/wp\/v2\/pages"}],"about":[{"href":"https:\/\/lameso.edu.mx\/sanluis\/wp-json\/wp\/v2\/types\/page"}],"author":[{"embeddable":true,"href":"https:\/\/lameso.edu.mx\/sanluis\/wp-json\/wp\/v2\/users\/1"}],"replies":[{"embeddable":true,"href":"https:\/\/lameso.edu.mx\/sanluis\/wp-json\/wp\/v2\/comments?post=20"}],"version-history":[{"count":18,"href":"https:\/\/lameso.edu.mx\/sanluis\/wp-json\/wp\/v2\/pages\/20\/revisions"}],"predecessor-version":[{"id":539,"href":"https:\/\/lameso.edu.mx\/sanluis\/wp-json\/wp\/v2\/pages\/20\/revisions\/539"}],"up":[{"embeddable":true,"href":"https:\/\/lameso.edu.mx\/sanluis\/wp-json\/wp\/v2\/pages\/253"}],"wp:featuredmedia":[{"embeddable":true,"href":"https:\/\/lameso.edu.mx\/sanluis\/wp-json\/wp\/v2\/media\/1148"}],"wp:attachment":[{"href":"https:\/\/lameso.edu.mx\/sanluis\/wp-json\/wp\/v2\/media?parent=20"}],"curies":[{"name":"wp","href":"https:\/\/api.w.org\/{rel}","templated":true}]}}