{"id":16,"date":"2015-03-25T15:49:24","date_gmt":"2015-03-25T15:49:24","guid":{"rendered":"http:\/\/www.lameso.edu.mx\/sanluis\/?page_id=16"},"modified":"2024-03-11T19:05:38","modified_gmt":"2024-03-11T19:05:38","slug":"bienvenida","status":"publish","type":"page","link":"https:\/\/lameso.edu.mx\/sanluis\/nosotros\/bienvenida\/","title":{"rendered":"Mensaje de nuestro Rector"},"content":{"rendered":"<div id=\"pl-16\"  class=\"panel-layout\" ><div id=\"pg-16-0\"  class=\"panel-grid panel-no-style\" ><div id=\"pgc-16-0-0\"  class=\"panel-grid-cell\" ><div id=\"panel-16-0-0-0\" class=\"so-panel widget widget_text panel-first-child panel-last-child\" data-index=\"0\" >\t\t\t<div class=\"textwidget\"><img src=\"http:\/\/lameso.edu.mx\/sanluis\/wp-content\/uploads\/2015\/04\/Rector-2.jpg\" \/>\n\n<\/div>\n\t\t<\/div><\/div><div id=\"pgc-16-0-1\"  class=\"panel-grid-cell\" ><div id=\"panel-16-0-1-0\" class=\"so-panel widget widget_text panel-first-child panel-last-child\" data-index=\"1\" >\t\t\t<div class=\"textwidget\"><p style=\"text-align: justify;\">El a\u00f1o pasado tuvimos un intenso contacto con un buen n\u00famero de nuestros egresados dentro del marco del festejo del veinticinco aniversario de la Universidad. Los convocamos en torno al lema <strong>\u201cYo Soy Mesoamericano\u201d<\/strong> he iniciamos contacto con ellos. Su respuesta fue entusiasta, se acercaron a recibir el dije conmemorativo. Se sumaron a esta iniciativa Profesores y Personal Administrativo y Directivo. Nos compartieron sus selfies mostrando orgullosos su dije en los portales de Facebook que cada Plantel tiene. Fue un gusto verlos e ir recordando con ellos los gratos momentos que su paso por la Universidad dej\u00f3.<\/br>\n<\/br>Nuestros egresados nos pusieron al tanto de muchos de los logros profesionales que han ido acumulando. En muchos sentidos la experiencia fue sorprendente y gratificante ya que un n\u00famero significativo de ellos tiene funciones y responsabilidades destacadas. Muchas veces nos ha pasado que consideramos que somos de lo m\u00e1s normal y no nos damos cuenta que la Universidad tiene la capacidad de formar adem\u00e1s de buenos profesionales, personas que saben aportar lo mejor de si a los dem\u00e1s.<\/br>\n<\/br>Terminamos reuniendo en un texto el concepto <strong>\u201cYo Soy Mesoamericano\u201d<\/strong> donde especificamos las cualidades que caracterizan a nuestros egresados y les da un sello de identidad ante la sociedad. Estas cualidades, por supuesto, son extensivas a nuestros Profesores y al Personal que nos apoya en esta tarea.<\/br>\n<\/br>Ha sido una forma de hacer visible la responsabilidad que como Universidad tenemos, renueva la expectativa de que a trav\u00e9s de ellos se aporta la visi\u00f3n humana que ayude a recuperar el sentido com\u00fan y sirvan de contrapeso ante aquellas expresiones sociales que por momentos se vuelven ca\u00f3ticas y hasta incoherentes. Tenemos la esperanza de que el \u201cMundo al Rev\u00e9s\u201d est\u00e9 llegando a su fin, nos alienta a seguir form\u00e1ndoles con las mejores cualidades humanas posibles.<\/br>\n<\/br>Recordemos: a los humanos nos gusta hacer las cosas bien hechas, nos gusta lo bello, el orden y la disciplina; que nos traten bien y tratar con igual respeto a los dem\u00e1s; que el mundo donde vivimos nos de bonitas im\u00e1genes; que nuestros grandes ideales puedan volverse realidad y lograr el bien com\u00fan; que nos digan c\u00f3mo hacer lo correcto y ayudar a los dem\u00e1s a alcanzar mayor bienestar; que valores tan importantes como la dignidad, el honor y lo sagrado vuelvan a tener espacio y significado en nuestras vidas.<\/br>\n<\/br><strong>El Proyecto de la Universidad<\/strong> desde su formaci\u00f3n ha tenido claro que educar no solo es ense\u00f1ar a otros lo que se sabe, compartir conocimientos ciertos y bien fundados es correcto, pero no suficiente, habr\u00e1 que lograr que los Alumnos los aprendan bien y sepan, sobre todo, aplicarlo para beneficio de los dem\u00e1s. Nuestro ideario y sobre todo el Anhelo del Saber Verdadero son elementos que tienen como condici\u00f3n lograr en ellos, que estas aspiraciones se materialicen.<\/br>\nLa imagen que enmarca esta aspiraci\u00f3n es saber que cuando nuestros egresados alcanzan el punto culminante de su formaci\u00f3n puedan <em>\u201cpasar a trav\u00e9s de <strong>Quetzalc\u00f3atl<\/strong>\u201d<\/em>. <\/p>\n\n<p style=\"text-align: right;\">Atentamente<\/br>\n<strong>Marco A. Moreno Nishizaki<\/strong><\/p><\/div>\n\t\t<\/div><\/div><\/div><\/div>","protected":false},"excerpt":{"rendered":"<p>El a\u00f1o pasado tuvimos un intenso contacto con un buen n\u00famero de nuestros egresados dentro del marco del festejo del\u2026<\/p>\n<p class=\"continue-reading-button\"> <a class=\"continue-reading-link\" href=\"https:\/\/lameso.edu.mx\/sanluis\/nosotros\/bienvenida\/\">Leer m\u00e1s&#8230;<i class=\"crycon-right-dir\"><\/i><\/a><\/p>\n","protected":false},"author":1,"featured_media":1148,"parent":253,"menu_order":1,"comment_status":"closed","ping_status":"closed","template":"templates\/template-page-with-intro.php","meta":{"_joinchat":[]},"_links":{"self":[{"href":"https:\/\/lameso.edu.mx\/sanluis\/wp-json\/wp\/v2\/pages\/16"}],"collection":[{"href":"https:\/\/lameso.edu.mx\/sanluis\/wp-json\/wp\/v2\/pages"}],"about":[{"href":"https:\/\/lameso.edu.mx\/sanluis\/wp-json\/wp\/v2\/types\/page"}],"author":[{"embeddable":true,"href":"https:\/\/lameso.edu.mx\/sanluis\/wp-json\/wp\/v2\/users\/1"}],"replies":[{"embeddable":true,"href":"https:\/\/lameso.edu.mx\/sanluis\/wp-json\/wp\/v2\/comments?post=16"}],"version-history":[{"count":21,"href":"https:\/\/lameso.edu.mx\/sanluis\/wp-json\/wp\/v2\/pages\/16\/revisions"}],"predecessor-version":[{"id":1634,"href":"https:\/\/lameso.edu.mx\/sanluis\/wp-json\/wp\/v2\/pages\/16\/revisions\/1634"}],"up":[{"embeddable":true,"href":"https:\/\/lameso.edu.mx\/sanluis\/wp-json\/wp\/v2\/pages\/253"}],"wp:featuredmedia":[{"embeddable":true,"href":"https:\/\/lameso.edu.mx\/sanluis\/wp-json\/wp\/v2\/media\/1148"}],"wp:attachment":[{"href":"https:\/\/lameso.edu.mx\/sanluis\/wp-json\/wp\/v2\/media?parent=16"}],"curies":[{"name":"wp","href":"https:\/\/api.w.org\/{rel}","templated":true}]}}

<div id="pl-16"  class="panel-layout" ><div id="pg-16-0"  class="panel-grid panel-no-style" ><div id="pgc-16-0-0"  class="panel-grid-cell" ><div id="panel-16-0-0-0" class="so-panel widget widget_text panel-first-child panel-last-child" data-index="0" >			<div class="textwidget"><img src="http://lameso.edu.mx/sanluis/wp-content/uploads/2015/04/Rector-2.jpg" />

</div>
		</div></div><div id="pgc-16-0-1"  class="panel-grid-cell" ><div id="panel-16-0-1-0" class="so-panel widget widget_text panel-first-child panel-last-child" data-index="1" >			<div class="textwidget"><p style="text-align: justify;">El año pasado tuvimos un intenso contacto con un buen número de nuestros egresados dentro del marco del festejo del veinticinco aniversario de la Universidad. Los convocamos en torno al lema <strong>“Yo Soy Mesoamericano”</strong> he iniciamos contacto con ellos. Su respuesta fue entusiasta, se acercaron a recibir el dije conmemorativo. Se sumaron a esta iniciativa Profesores y Personal Administrativo y Directivo. Nos compartieron sus selfies mostrando orgullosos su dije en los portales de Facebook que cada Plantel tiene. Fue un gusto verlos e ir recordando con ellos los gratos momentos que su paso por la Universidad dejó.</br>
</br>Nuestros egresados nos pusieron al tanto de muchos de los logros profesionales que han ido acumulando. En muchos sentidos la experiencia fue sorprendente y gratificante ya que un número significativo de ellos tiene funciones y responsabilidades destacadas. Muchas veces nos ha pasado que consideramos que somos de lo más normal y no nos damos cuenta que la Universidad tiene la capacidad de formar además de buenos profesionales, personas que saben aportar lo mejor de si a los demás.</br>
</br>Terminamos reuniendo en un texto el concepto <strong>“Yo Soy Mesoamericano”</strong> donde especificamos las cualidades que caracterizan a nuestros egresados y les da un sello de identidad ante la sociedad. Estas cualidades, por supuesto, son extensivas a nuestros Profesores y al Personal que nos apoya en esta tarea.</br>
</br>Ha sido una forma de hacer visible la responsabilidad que como Universidad tenemos, renueva la expectativa de que a través de ellos se aporta la visión humana que ayude a recuperar el sentido común y sirvan de contrapeso ante aquellas expresiones sociales que por momentos se vuelven caóticas y hasta incoherentes. Tenemos la esperanza de que el “Mundo al Revés” esté llegando a su fin, nos alienta a seguir formándoles con las mejores cualidades humanas posibles.</br>
</br>Recordemos: a los humanos nos gusta hacer las cosas bien hechas, nos gusta lo bello, el orden y la disciplina; que nos traten bien y tratar con igual respeto a los demás; que el mundo donde vivimos nos de bonitas imágenes; que nuestros grandes ideales puedan volverse realidad y lograr el bien común; que nos digan cómo hacer lo correcto y ayudar a los demás a alcanzar mayor bienestar; que valores tan importantes como la dignidad, el honor y lo sagrado vuelvan a tener espacio y significado en nuestras vidas.</br>
</br><strong>El Proyecto de la Universidad</strong> desde su formación ha tenido claro que educar no solo es enseñar a otros lo que se sabe, compartir conocimientos ciertos y bien fundados es correcto, pero no suficiente, habrá que lograr que los Alumnos los aprendan bien y sepan, sobre todo, aplicarlo para beneficio de los demás. Nuestro ideario y sobre todo el Anhelo del Saber Verdadero son elementos que tienen como condición lograr en ellos, que estas aspiraciones se materialicen.</br>
La imagen que enmarca esta aspiración es saber que cuando nuestros egresados alcanzan el punto culminante de su formación puedan <em>“pasar a través de <strong>Quetzalcóatl</strong>”</em>. </p>

<p style="text-align: right;">Atentamente</br>
<strong>Marco A. Moreno Nishizaki</strong></p></div>
		</div></div></div></div>

<p>El año pasado tuvimos un intenso contacto con un buen número de nuestros egresados dentro del marco del festejo del…</p>
<p class="continue-reading-button"> <a class="continue-reading-link" href="https://lameso.edu.mx/sanluis/nosotros/bienvenida/">Leer más&#8230;<i class="crycon-right-dir"></i></a></p>
