{"id":24,"date":"2015-03-25T15:50:41","date_gmt":"2015-03-25T15:50:41","guid":{"rendered":"http:\/\/www.lameso.edu.mx\/sanjuan\/?page_id=24"},"modified":"2024-04-19T21:28:34","modified_gmt":"2024-04-19T21:28:34","slug":"nuestra-historia","status":"publish","type":"page","link":"https:\/\/lameso.edu.mx\/sanjuan\/nosotros\/nuestra-historia\/","title":{"rendered":"Nuestra Historia"},"content":{"rendered":"<p><span style=\"color: #000000;\"><a href=\"http:\/\/www.lameso.edu.mx\/sanjuan\/wp-content\/uploads\/2021\/01\/nosostros2.jpeg\"><img loading=\"lazy\" decoding=\"async\" class=\"aligncenter wp-image-1614 size-large\" src=\"http:\/\/www.lameso.edu.mx\/sanjuan\/wp-content\/uploads\/2021\/01\/nosostros2-1024x682.jpeg\" alt=\"\" width=\"930\" height=\"619\" srcset=\"https:\/\/lameso.edu.mx\/sanjuan\/wp-content\/uploads\/2021\/01\/nosostros2-1024x682.jpeg 1024w, https:\/\/lameso.edu.mx\/sanjuan\/wp-content\/uploads\/2021\/01\/nosostros2-300x200.jpeg 300w, https:\/\/lameso.edu.mx\/sanjuan\/wp-content\/uploads\/2021\/01\/nosostros2-768x512.jpeg 768w, https:\/\/lameso.edu.mx\/sanjuan\/wp-content\/uploads\/2021\/01\/nosostros2-150x100.jpeg 150w, https:\/\/lameso.edu.mx\/sanjuan\/wp-content\/uploads\/2021\/01\/nosostros2-272x182.jpeg 272w, https:\/\/lameso.edu.mx\/sanjuan\/wp-content\/uploads\/2021\/01\/nosostros2.jpeg 1280w\" sizes=\"(max-width: 930px) 100vw, 930px\" \/><\/a><strong>La Universidad Mesoamericana<\/strong> es una instituci\u00f3n de educaci\u00f3n superior <strong>con Registro de Validez Oficial Federal por la Secretaria de Educaci\u00f3n P\u00fablica<\/strong>,\u00a0 que desde hace 35 a\u00f1os se dedica a formar excelentes profesionales y mejores seres humanos.<\/span><\/p>\n<p><span style=\"color: #000000;\">En el a\u00f1o de 1989 nace la Universidad Mesoamericana en Oaxaca; en 1994 inicia la expansi\u00f3n de este Proyecto en la ciudad de San Luis Potos\u00ed; dos a\u00f1os despu\u00e9s surge el <strong>Plantel San Juan, ubicado en San Juan del R\u00edo, Quer\u00e9taro.<\/strong> Como una misma instituci\u00f3n, desde un inicio comparten una misma filosof\u00eda.<\/span><\/p>\n<p><span style=\"color: #000000;\">Nuestra universidad est\u00e1 inspirada en la singular riqueza de la cultura mesoamericana, cuyos principios y valores se combinan con las nuevas teor\u00edas, avances cient\u00edficos y tecnol\u00f3gicos para ofrecerte una educaci\u00f3n vasta en conocimiento y en valores humanos.<\/span><\/p>\n<p><span style=\"color: #000000;\">El Proyecto de nuestra casa de estudios se centra en una preparaci\u00f3n acad\u00e9mica s\u00f3lida, que propicia el desarrollo de conocimientos, habilidades, destrezas, actitudes y valores propios del \u00e1rea del conocimiento que t\u00fa elijas. En nuestros planes y programas de estudio encontrar\u00e1s las herramientas que har\u00e1n de ti un experto en la soluci\u00f3n de problemas y la toma de decisiones en el campo profesional.<\/span><\/p>\n<p><span style=\"color: #000000;\">Todos los elementos que conforman el Proyecto de la Universidad Mesoamericana, sustenta la formaci\u00f3n de profesionales con una excelente capacidad acad\u00e9mica, con un claro conocimiento de sus habilidades y una definida destreza para aplicar el conocimiento adquirido en beneficio de los dem\u00e1s. Gracias a esto nuestros egresados son preferidos por las diferentes organizaciones e instituciones que solicitan su ayuda, o bien a trav\u00e9s de las empresas que ellos mismos han desarrollado para servir.<\/span><\/p>\n<p><span style=\"color: #000000;\">Adicionalmente nuestro sistema permite que la mayor\u00eda de los estudiantes que se inscriben con nosotros concluyan favorablemente sus carreras y que un alto porcentaje, muy por encima de la media nacional, obtenga su t\u00edtulo profesional.<\/span><\/p>\n","protected":false},"excerpt":{"rendered":"<p>La Universidad Mesoamericana es una instituci\u00f3n de educaci\u00f3n superior con Registro de Validez Oficial Federal por la Secretaria de Educaci\u00f3n\u2026<\/p>\n<p class=\"continue-reading-button\"> <a class=\"continue-reading-link\" href=\"https:\/\/lameso.edu.mx\/sanjuan\/nosotros\/nuestra-historia\/\">Leer m\u00e1s&#8230;<i class=\"crycon-right-dir\"><\/i><\/a><\/p>\n","protected":false},"author":1,"featured_media":1148,"parent":253,"menu_order":5,"comment_status":"closed","ping_status":"closed","template":"templates\/template-page-with-intro.php","meta":{"footnotes":"","_joinchat":[]},"_links":{"self":[{"href":"https:\/\/lameso.edu.mx\/sanjuan\/wp-json\/wp\/v2\/pages\/24"}],"collection":[{"href":"https:\/\/lameso.edu.mx\/sanjuan\/wp-json\/wp\/v2\/pages"}],"about":[{"href":"https:\/\/lameso.edu.mx\/sanjuan\/wp-json\/wp\/v2\/types\/page"}],"author":[{"embeddable":true,"href":"https:\/\/lameso.edu.mx\/sanjuan\/wp-json\/wp\/v2\/users\/1"}],"replies":[{"embeddable":true,"href":"https:\/\/lameso.edu.mx\/sanjuan\/wp-json\/wp\/v2\/comments?post=24"}],"version-history":[{"count":8,"href":"https:\/\/lameso.edu.mx\/sanjuan\/wp-json\/wp\/v2\/pages\/24\/revisions"}],"predecessor-version":[{"id":1824,"href":"https:\/\/lameso.edu.mx\/sanjuan\/wp-json\/wp\/v2\/pages\/24\/revisions\/1824"}],"up":[{"embeddable":true,"href":"https:\/\/lameso.edu.mx\/sanjuan\/wp-json\/wp\/v2\/pages\/253"}],"wp:featuredmedia":[{"embeddable":true,"href":"https:\/\/lameso.edu.mx\/sanjuan\/wp-json\/wp\/v2\/media\/1148"}],"wp:attachment":[{"href":"https:\/\/lameso.edu.mx\/sanjuan\/wp-json\/wp\/v2\/media?parent=24"}],"curies":[{"name":"wp","href":"https:\/\/api.w.org\/{rel}","templated":true}]}}